e highest common factor of 1241 and 73.
73
What is the greatest common factor of 52 and 299?
13
What is the greatest common factor of 15 and 6795?
15
What is the greatest common divisor of 468 and 2304?
36
What is the highest common divisor of 87 and 1479?
87
What is the greatest common divisor of 1350 and 54?
54
Calculate the highest common divisor of 4978 and 95.
19
Calculate the greatest common divisor of 175 and 455.
35
What is the greatest common divisor of 30 and 132?
6
Calculate the highest common factor of 399 and 63.
21
What is the highest common divisor of 10 and 565?
5
What is the highest common divisor of 1557 and 2249?
173
Calculate the greatest common divisor of 74 and 7918.
74
Calculate the highest common divisor of 26950 and 77.
77
Calculate the greatest common factor of 99 and 27.
9
What is the highest common divisor of 8 and 128?
8
What is the greatest common factor of 1173 and 161?
23
Calculate the greatest common divisor of 16 and 2168.
8
Calculate the highest common factor of 40 and 140.
20
What is the greatest common divisor of 117 and 169?
13
Calculate the highest common factor of 21074 and 82.
82
What is the highest common factor of 118 and 23659?
59
What is the greatest common divisor of 325 and 39?
13
Calculate the highest common factor of 61 and 13176.
61
What is the greatest common factor of 896 and 140?
28
What is the highest common divisor of 161 and 2139?
23
What is the highest common divisor of 50 and 735?
5
Calculate the greatest common divisor of 1104 and 23.
23
What is the greatest common divisor of 760 and 133?
19
What is the greatest common factor of 12 and 308?
4
What is the greatest common divisor of 2032 and 635?
127
Calculate the greatest common divisor of 118 and 649.
59
What is the greatest common divisor of 576 and 1280?
64
What is the greatest common divisor of 5 and 15545?
5
Calculate the greatest common divisor of 37 and 851.
37
What is the greatest common divisor of 275 and 50?
25
Calculate the highest common factor of 12 and 114.
6
Calculate the highest common divisor of 308 and 11.
11
Calculate the greatest common factor of 72 and 48.
24
Calculate the greatest common divisor of 66 and 418.
22
What is the highest common factor of 13 and 76765?
13
Calculate the highest common divisor of 495 and 913.
11
Calculate the greatest common factor of 2398 and 1090.
218
What is the highest common factor of 2430 and 90?
90
Calculate the greatest common divisor of 44 and 1177.
11
Calculate the highest common factor of 105 and 6580.
35
What is the highest common divisor of 75 and 575?
25
What is the greatest common divisor of 252 and 1050?
42
Calculate the highest common factor of 357 and 255.
51
What is the highest common divisor of 1450 and 100?
50
What is the highest common divisor of 385 and 119?
7
What is the greatest common divisor of 72 and 1332?
36
What is the greatest common divisor of 208 and 32?
16
Calculate the greatest common divisor of 2275 and 175.
175
Calculate the greatest common factor of 2301 and 118.
59
Calculate the highest common factor of 1517 and 37.
37
What is the highest common factor of 4699 and 74?
37
What is the greatest common factor of 950 and 38?
38
What is the greatest common factor of 31 and 1?
1
Calculate the highest common factor of 98 and 238.
14
Calculate the highest common factor of 8 and 392.
8
What is the highest common divisor of 43 and 5977?
43
Calculate the greatest common divisor of 55 and 1705.
55
Calculate the highest common factor of 1768 and 8.
8
What is the greatest common divisor of 442 and 234?
26
What is the greatest common factor of 4 and 432?
4
Calculate the greatest common divisor of 38 and 2185.
19
Calculate the greatest common factor of 132 and 1012.
44
What is the greatest common factor of 7 and 3101?
7
What is the greatest common divisor of 298 and 19072?
298
Calculate the greatest common divisor of 162 and 192.
6
What is the highest common divisor of 12 and 114?
6
What is the greatest common factor of 1377 and 1581?
51
What is the highest common divisor of 99 and 27?
9
What is the greatest common factor of 30290 and 130?
130
Calculate the highest common factor of 6264 and 27.
27
What is the greatest common factor of 891 and 4059?
99
What is the greatest common divisor of 338 and 182?
26
What is the greatest common divisor of 322 and 70?
14
What is the highest common factor of 714 and 34?
34
What is the greatest common factor of 104 and 2548?
52
What is the highest common divisor of 117 and 4356?
9
Calculate the highest common factor of 400 and 128.
16
Calculate the highest common factor of 36 and 729.
9
What is the highest common divisor of 1173 and 966?
69
What is the greatest common divisor of 20713 and 154?
77
Calculate the greatest common divisor of 9 and 45963.
9
What is the greatest common divisor of 78 and 1248?
78
What is the highest common factor of 3378 and 6?
6
What is the highest common factor of 26 and 26026?
26
What is the highest common factor of 1482 and 39?
39
Calculate the greatest common factor of 23 and 115.
23
What is the greatest common divisor of 39 and 299?
13
Calculate the highest common factor of 80 and 592.
16
Calculate the highest common factor of 10 and 214.
2
Calculate the greatest common divisor of 99 and 639.
9
What is the greatest common factor of 51 and 35071?
17
What is the greatest common factor of 1440 and 60?
60
What is the greatest common factor of 18 and 2784?
6
What is the highest common divisor of 90 and 1245?
15
What is the highest common factor of 46 and 207?
23
Calculate the greatest common factor of 74 and 7363.
37
Calculate the highest common divisor of 24 and 570.
6
Calculate the greatest common divisor of 105 and 75075.
105
What is the highest common divisor of 2739 and 15936?
249
What is the greatest common divisor of 1495 and 2070?
115
Calculate the greatest common divisor of 819 and 105.
21
Calculate the greatest common factor of 60 and 335.
5
Calculate the greatest common factor of 51 and 42177.
51
What is the highest common factor of 304 and 3572?
76
Calculate the greatest common divisor of 100 and 150.
50
Calculate the greatest common divisor of 2180 and 981.
109
What is the highest common divisor of 172 and 301?
43
What is the greatest common factor of 272 and 368?
16
Calculate the highest common factor of 442 and 34.
34
What is the greatest common factor of 903 and 5547?
129
Calculate the greatest common divisor of 4752 and 99.
99
Calculate the highest common factor of 464 and 112.
16
Calculate the highest common divisor of 1539 and 108.
27
What is the greatest common factor of 4605 and 15?
15
What is the highest common divisor of 23 and 575?
23
What is the highest common divisor of 60 and 1520?
20
What is the greatest common factor of 16 and 32?
16
Calculate the greatest common divisor of 81 and 15.
3
What is the greatest common divisor of 100 and 24600?
100
Calculate the greatest common factor of 45 and 95.
5
Calculate the greatest common factor of 315 and 45.
45
What is the greatest common divisor of 760 and 2888?
152
What is the highest common factor of 81 and 3?
3
Calculate the greatest common divisor of 30 and 165.
15
What is the highest common factor of 40 and 25?
5
What is the highest common divisor of 10675 and 175?
175
Calculate the highest common factor of 13350 and 150.
150
What is the highest common divisor of 215 and 5?
5
What is the highest common factor of 16 and 184?
8
Calculate the highest common divisor of 38 and 6.
2
What is the greatest common factor of 44130 and 90?
30
Calculate the greatest common divisor of 3 and 402.
3
Calculate the highest common factor of 768 and 96.
96
Calculate the highest common divisor of 19 and 3781.
19
What is the greatest common divisor of 5 and 1485?
5
Calculate the highest common factor of 14 and 70.
14
What is the greatest common divisor of 192 and 822?
6
Calculate the highest common divisor of 25751 and 11.
11
Calculate the highest common divisor of 18 and 1386.
18
Calculate the highest common factor of 98 and 3318.
14
Calculate the greatest common divisor of 2322 and 344.
86
What is the greatest common factor of 896 and 1280?
128
Calculate the highest common factor of 160 and 480.
160
Calculate the greatest common factor of 612 and 5